v(k) = 15*k**2 - 90*k - 99. Give v(7).
6
Let a(n) = -n**3 - 3*n**2 + 2*n + 23. Give a(-4).
31
Let p(g) = -120*g + 526. Give p(8).
-434
Let i(k) = 2*k**3 + 18*k**2 + 22*k - 32. Determine i(-8).
-80
Let m(s) = 13*s**2 - 195*s + 13. Determine m(16).
221
Let a(o) = -o**2 - 25*o - 104. Determine a(-20).
-4
Let v(c) = -c**2 + 303*c - 3205. Calculate v(11).
7
Let j(f) = 8*f**2 - 26*f - 3. Give j(3).
-9
Let s(t) = t**3 + 6*t**2 - 45*t - 48. Determine s(-10).
2
Let d(r) = 9*r**2 + 29*r + 33. Determine d(-1).
13
Let m(o) = o**3 + 14*o**2 + 62. What is m(-14)?
62
Let z(t) = -t**3 + 2*t**2 - 10*t + 82. Calculate z(0).
82
Let h(j) = 69*j - 667. Determine h(9).
-46
Let f(b) = 83*b + 436. Determine f(-7).
-145
Let y(f) = f**2 + 480*f + 4253. Determine y(-9).
14
Let i(m) = 134*m**3 - 13*m - 18. Determine i(-2).
-1064
Let i(r) = 83*r + 3460. What is i(-42)?
-26
Let s(f) = -344*f - 11700. Give s(-34).
-4
Let f(h) = 47*h + 959. Give f(-18).
113
Let t(k) = k**3 + 15*k**2 - 42*k + 39. Determine t(-17).
175
Let n(w) = 368*w - 8826. Calculate n(24).
6
Let b(i) = -862*i - 6067. Determine b(-7).
-33
Let a(l) = 14*l**2 + 32*l + 7. Give a(-2).
-1
Let x(m) = 38*m - 4929. Determine x(130).
11
Let t(s) = -40*s**2 + 1679*s + 32. Calculate t(42).
-10
Let r(y) = 9*y**3 - 5*y**2 - 19*y + 1. Determine r(-3).
-230
Let j(b) = 11*b - 477. Determine j(45).
18
Let g(h) = 3*h**2 + 6. Give g(2).
18
Let t(k) = 17*k + 67. Give t(-10).
-103
Let u(q) = 60*q + 32. Give u(2).
152
Let o(q) = -22*q + 56. Determine o(15).
-274
Let j(d) = 8*d**3 + 69*d**2 - 18*d + 8. Calculate j(-8).
472
Let x(v) = v**2 + 19*v + 95. Give x(-12).
11
Let n(v) = v**2 - 37*v + 8. What is n(38)?
46
Let v(h) = -171*h + 3104. Give v(20).
-316
Let f(h) = -7*h**2 + 68*h + 84. Calculate f(12).
-108
Let u(r) = -2*r + 130. Determine u(8).
114
Let z(c) = -68*c - 41. What is z(6)?
-449
Let a(x) = -x**3 + 11*x**2 + 488*x - 59. Give a(28).
277
Let m(p) = -2*p**3 + 4*p**2 - 367*p + 728. Calculate m(2).
-6
Let a(g) = g**3 + 3*g**2 - 5*g + 46. Calculate a(-6).
-32
Let t(u) = u**2 - 334*u - 9346. What is t(-26)?
14
Let y(x) = 58*x - 3835. Give y(66).
-7
Let x(j) = -j**3 - 8*j**2 - 67*j - 144. Give x(-4).
60
Let y(h) = -2*h**3 - 6*h**2 - 16*h + 19. Give y(-7).
523
Let q(l) = 632*l - 12010. Calculate q(19).
-2
Let f(i) = -i**3 + 21*i**2 + 65*i + 117. Calculate f(24).
-51
Let z(f) = -f**3 - 32*f**2 + 190*f - 33. What is z(5)?
-8
Let h(g) = 2*g**2 - 87*g + 66. Determine h(43).
23
Let s(j) = 11*j - 1033. Give s(95).
12
Let d(c) = -2*c**3 + 89*c**2 - 47*c + 168. Calculate d(44).
36
Let w(n) = -2*n**3 - 16*n**2 + 103*n + 806. Calculate w(-8).
-18
Let o(n) = -n**3 - 52*n**2 - 133*n + 678. Calculate o(-49).
-8
Let m(o) = 4*o**3 + 3*o**2 - 8*o + 12. Calculate m(3).
123
Let s(a) = 131*a - 45. Determine s(1).
86
Let p(i) = i**3 + 30*i**2 - 20*i - 53. Calculate p(-31).
-394
Let g(y) = -3*y**3 + 150*y**2 - 4*y + 179. Calculate g(50).
-21
Let j(u) = -7*u + 302. Give j(43).
1
Let f(t) = 263*t + 2938. Determine f(-11).
45
Let h(s) = s**2 - 25*s + 138. What is h(18)?
12
Let x(f) = -2*f**3 - 91*f**2 - 469*f + 36. Calculate x(-6).
6
Let y(l) = l**3 + 26*l**2 + 93*l + 65. What is y(-22)?
-45
Let y(g) = g**3 + 27*g**2 + 24*g - 14. Give y(-26).
38
Let b(q) = -q**3 - q**2 + 30*q - 208. Calculate b(-8).
0
Let k(t) = 43*t + 676. Determine k(-16).
-12
Let m(o) = -149*o**3 - o**2 - 3*o - 3. Calculate m(-1).
148
Let g(c) = -21*c**2 - 134*c - 634. Give g(-5).
-489
Let m(x) = -10*x**2 - 128*x + 942. Calculate m(-18).
6
Let c(i) = -i**3 + 6*i**2 - 71*i + 202. Calculate c(3).
16
Let u(c) = 391*c**2 - 1165*c - 22. What is u(3)?
2
Let z(c) = c**2 + 638*c + 14153. Give z(-23).
8
Let a(w) = -w**3 + 3067*w**2 + 46232*w + 26. Determine a(-15).
-4
Let u(c) = 2*c**2 - 679*c + 3355. Give u(5).
10
Let a(w) = -5*w**3 + 47*w**2 - 10*w - 14. Calculate a(9).
58
Let v(o) = -11*o - 127. Determine v(-10).
-17
Let j(v) = -v**2 + 41*v - 640. Give j(28).
-276
Let t(m) = -32*m + 443. Calculate t(16).
-69
Let v(t) = 12*t**3 - 8*t**2 - 22*t + 4. What is v(-3)?
-326
Let l(k) = -k**3 + 52*k**2 - 140*k - 340. Determine l(49).
3
Let h(l) = l**3 - 13*l - 5. Determine h(0).
-5
Let o(z) = -32*z**2 + 281*z - 401. What is o(7)?
-2
Let x(p) = 4*p**3 - 113*p**2 + 38*p - 92. Calculate x(28).
188
Let c(y) = -y**2 - 119*y + 728. Determine c(6).
-22
Let p(o) = -o**2 - 312*o - 20971. Determine p(-98).
1
Let m(q) = q**3 + 16*q**2 + 7*q - 22. Give m(-9).
482
Let w(o) = -o**3 + 15*o**2 + 15*o - 20. Give w(16).
-36
Let i(m) = -19*m + 348. Calculate i(16).
44
Let a(o) = 3*o**3 + 20*o**2 - 51*o + 12. Give a(4).
320
Let a(m) = -286*m - 1740. Give a(-6).
-24
Let i(k) = -k**3 + 75*k**2 - 217*k + 98. Determine i(72).
26
Let h(y) = y**3 - 6*y**2 + 20*y - 19. Determine h(0).
-19
Let b(m) = -331*m - 1078. Determine b(-3).
-85
Let a(t) = 2*t**2 + 33*t - 136. Give a(-20).
4
Let f(j) = -j - 138. What is f(12)?
-150
Let j(b) = -3*b**2 + 89*b - 127. Determine j(26).
159
Let o(y) = -2*y**3 + 50*y**2 - 93*y + 34. Determine o(23).
11
Let a(r) = r**3 + 9*r**2 - 181*r - 1201. Calculate a(-6).
-7
Let v(z) = 2*z**3 - 42*z**2 + 9*z - 201. Give v(21).
-12
Let n(g) = -g**3 - 9*g**2 - 21*g - 5. What is n(-6)?
13
Let m(l) = -l**2 - 229*l + 466. Determine m(2).
4
Let b(t) = 2*t**3 + 16*t**2 + 8*t - 41. Determine b(-7).
1
Let x(j) = -j**2 - 10*j - 8. Give x(4).
-64
Let q(x) = -3*x**3 + 11*x**2 + x - 4. Give q(4).
-16
Let a(j) = 30*j + 522. Determine a(-18).
-18
Let u(d) = -437*d - 28383. Determine u(-65).
22
Let l(u) = -2*u**3 - 72*u**2 + 237*u - 10. Determine l(3).
-1
Let q(o) = -5*o**2 - 81*o + 19. Calculate q(-22).
-619
Let o(i) = -i**3 - 109*i**2 - 9*i + 1. Determine o(0).
1
Let q(f) = 15*f**2 + 402*f + 1986. What is q(-5)?
351
Let d(w) = -w**3 + 49*w**2 + 62*w + 2050. Determine d(51).
10
Let u(o) = -o**3 + 20*o**2 - 92*o + 1405. Calculate u(19).
18
Let d(m) = -m**3 - 4*m**2 + 21*m + 98. Determine d(-6).
44
Let l(t) = -1221*t - 6140. Give l(-5).
-35
Let g(t) = t**2 - 151*t + 1277. Calculate g(9).
-1
Let v(d) = 230*d + 5522. Give v(-24).
2
Let o(j) = j**3 - 16*j**2 + 39*j + 5. Calculate o(12).
-103
Let f(s) = -s**3 - 46*s**2 - s - 48. Give f(-46).
-2
Let r(f) = -542*f - 18425. Calculate r(-34).
3
Let b(z) = z**3 - 25*z**2 + 120*z - 379. Give b(20).
21
Let d(p) = 17*p**2 + 172*p + 493. Calculate d(-3).
130
Let t(w) = -69*w + 4. What is t(-1)?
73
Let g(f) = f**3 + 20*f**2 + 58*f - 257. What is g(-18)?
-653
Let o(w) = -70*w + 333. Determine o(2).
193
Let y(j) = 132*j - 8. Give y(0).
-8
Let f(q) = 4*q**2 + 288*q + 1353. Give f(-67).
13
Let c(i) = i**3 - 13*i**2 + 53*i - 67. Give c(5).
-2
Let f(n) = -6*n**2 - 702*n - 705. What is f(-116)?
-9
Let i(y) = -39*y - 4146. Give i(-107).
27
Let o(w) = -2*w**3 + 19*w**2 + 2*w + 14. What is o(10)?
-66
Let m(y) = 1007*y - 4051. Calculate m(4).
-23
Let q(c) = -9*c**2 + 25*c - 40. What is q(8)?
-416
Let r(l) = l**3 - 5*l**2 - 26*l + 52. What is r(8)?
36
Let b(m) = m**2 + 30*m + 203. Calculate b(-15).
-22
Let h(p) = -498*p - 52271. Give h(-105).
19
Let l(w) = w**3 + 7*w**2 - 34*w - 139. Give l(-9).
5
Let f(x) = -996*x + 6966. Calculate f(7).
-6
Let d(i) = -109*i - 6642. Calculate d(-61).
7
Let t(l) = 13*l + 600. Calculate t(-45).
15
Let c(k) = k**3 - 55*k**2 + 50*k + 94. What is c(54)?
-122
Let s(g) = -g**2 + 1906*g - 56278. Determine s(30).
2
Let y(l) = -l**2 + 421*l - 6873. Give y(17).
-5
Let w(o) = -34*o + 2587. Give w(75).
37
Let z(f) = -1630*f + 6505. What is z(4)?
-15
Let w(l) = 53*l + 4829. Determine w(-91).
6
Let z(r) = -35*r**2 - 1642*r + 136. What is z(-47)?
-5
Let g(d) = -d**2 + 267*d + 6452. Give g(-22).
94
Let m(a) = -120*a - 4. Give m(1).
-124
Let i(o) = o**3 + 83*o**2 + 157*o - 416. Determine i(-81).
-11
Let k(r) = -3*r**2 + 35*r + 193. What is k(-4)?
5
Let r(l) = -63*l**3 - 143*l - 144. Calculate r(-1).
62
Let s(w) = -17*w - 963. Calculate s(-61).
74
Let o(c) = -84*c**2 - 48*c - 94. Calculate o(-2).
-334
Let d(g) = g**3 + 9*g**2 - 109*g + 162. Determine d(2).
-12
Let q(r) = r**2 - 5*r - 51. Calculate q(-5).
-1
Let j(t) = -46*t - 21. Calculate j(0).
-21
Let o(k) = -28*k**2 + 349*k - 97. Determine o(12).
59
Let z(k) = -33*k + 376. Calculate z(20).
-284
Let m(s) = 5*s**3 + 80*s**2 - 6*s + 39. What is m(-16)?
135
Let n(x) = 2*x**3 - 22*x**2 - 205*x - 11. Give n(-6).
-5
Let c(r) = -